= 4*q - 5*f - 2232. What are the prime factors of q?
563
Let i = -28 - -31. Suppose -p - 3*f = -109, 349 = -i*p + 6*p - 2*f. What are the prime factors of p?
5, 23
Let h(i) = -6*i - 38. List the prime factors of h(-26).
2, 59
Suppose -2*u + u - 39 = 0. Let q be 8/36*6*-3. What are the prime factors of u/6*q - -2?
2, 7
Let s = 113 - 169. Let j = -22 - s. Suppose r - j = -r. What are the prime factors of r?
17
What are the prime factors of ((-6196)/(-4) - -2) + 0?
3, 11, 47
Suppose 3*b + 59 = l, -2*b - l - 41 = -0*b. Suppose -4*i + 3*o - 74 = 69, -o = -2*i - 71. Let h = b - i. What are the prime factors of h?
3, 5
Let w = 112 + 50. Let z = w + 114. Suppose -a - 2*c = -6*a + 252, 0 = 5*a + 4*c - z. What are the prime factors of a?
2, 13
Let l(t) = 39*t**2 - 25*t + 107. List the prime factors of l(7).
19, 97
What are the prime factors of 1 - (10 - (1413 - 6))?
2, 3, 233
Let b = -447 - -1433. What are the prime factors of b?
2, 17, 29
Let y = -1201 - -1782. What are the prime factors of y?
7, 83
Let q = 1365 + -421. List the prime factors of q.
2, 59
Suppose 0 = 73*m - 70*m + 219. List the prime factors of (-3)/(-1) - (m - 2).
2, 3, 13
Suppose -12*a = -10813 + 3421. What are the prime factors of a?
2, 7, 11
Let l = -22 - -31. Let j(k) = k - 15. Let n be j(l). What are the prime factors of ((-100)/n)/((-12)/(-18))?
5
Suppose 4*t + 4434 = 5*f, -5*f - t = 3*t - 4426. What are the prime factors of f?
2, 443
Let r be ((-6)/(-4))/(15/(-20)). Let o be 188/28 + r/(-7). What are the prime factors of 79/o + 14/(-49)?
11
Let x = -25 - -30. Let f(d) = d + 1. Let s be f(x). Suppose 215 = -y + s*y. What are the prime factors of y?
43
Let c(a) = -2*a - 4. Let p be c(-3). Suppose -l + p*l - 47 = 0. Let j = l - 33. What are the prime factors of j?
2, 7
Let s be (-6 - -4)*(-6)/4. Let a = -4 - s. List the prime factors of -15 + 15 - (a - -1).
2, 3
Let r = -133 + 120. List the prime factors of 8/((-41)/r - 3) - -3.
5, 11
Let w(g) = 43*g + 475. List the prime factors of w(12).
991
Suppose -n = -5*u + 109, -2*u + 3 = -5*n - 36. Suppose -3*s + 232 - u = 0. What are the prime factors of s?
2, 5, 7
What are the prime factors of (-612)/(4*(-1057)/(-616) - 7)?
2, 3, 11, 17
Suppose 2*k + 18 = -4*g, -4*g = -2*g + 8. Let w(x) = -9*x - 1. Let f be w(k). Let i = f + -4. What are the prime factors of i?
2
Let j(m) = 5*m - 9*m - 9 - 3*m. Let w = -8 - -2. What are the prime factors of j(w)?
3, 11
Suppose -46*v = 38459 - 129585. What are the prime factors of v?
7, 283
Suppose 0 = -6*x + 3*x + 5*y - 145, x - 2*y = -50. Let r be (-1)/4 + 474/8. Let d = r + x. What are the prime factors of d?
19
Suppose -4*a = -16 + 4. Suppose a + 1 = u. Let x(h) = 3*h**2 - 3. What are the prime factors of x(u)?
3, 5
Suppose -4*x - 15 = -7, 1452 = k + 2*x. List the prime factors of k.
2, 7, 13
Let p(t) = t - 2. Let d(l) = 5*l - 9. Let z(m) = 2*d(m) - 11*p(m). Let v = -20 - -10. List the prime factors of z(v).
2, 7
Let n be (-8)/(-36) - (-534)/27. Suppose -p = p - n. List the prime factors of (-5083)/(-85) - (-2)/p.
2, 3, 5
Let f(w) = 2*w**3 - 47*w**2 + 31*w - 29. What are the prime factors of f(23)?
5, 31
Suppose 0 = -12*o + 13*o - 168. What are the prime factors of o?
2, 3, 7
Let i(q) be the first derivative of -13*q**3/3 + q**2/2 - 2. Let c be i(2). Let o = 70 + c. What are the prime factors of o?
2, 5
Let g(n) = 5*n**3 - 3*n**2 - 2*n - 7. Suppose 2*d = -0*d + 3*i + 15, 0 = 3*d + 2*i - 3. What are the prime factors of g(d)?
5, 19
Let a(t) = t**3 - 10*t**2 + 11*t + 6. Let i(b) = -20 + 0*b**2 + 23 + b**2 - b. Let z be i(3). List the prime factors of a(z).
2, 3
Let d(w) be the third derivative of 17*w**4/24 + w**3/3 + 3*w**2. What are the prime factors of d(7)?
11
Suppose -4*r + 8327 = 5*y, 7*y + 5*r = 6*y + 1657. What are the prime factors of y?
1667
Suppose -5*o + 5*p = -28280, 0 = -3*o - 3*p + 12774 + 4218. List the prime factors of o.
2, 5, 283
Let b be 8 + -2 + (-3 - -2). Suppose 0 = -s + b*s - 252. What are the prime factors of s?
3, 7
Let n = 71 - 49. Suppose -18*x = -n*x + 196. What are the prime factors of x?
7
Suppose -t = -0 - 7. List the prime factors of ((-66)/(-5))/(t + 170/(-25)).
2, 3, 11
Let c(z) = 3 + 2*z - z + 2*z. Let d be 2/4*(15 + -5). What are the prime factors of c(d)?
2, 3
Let y be -184*((-90)/20)/(-5 + -1). Let c = -69 - y. What are the prime factors of c?
3, 23
Let t = 1301 - 964. What are the prime factors of t?
337
Suppose 5*s + 1747 = 682. Let x = -83 - s. What are the prime factors of x?
2, 5, 13
Suppose 9*a - 19922 = 5656. What are the prime factors of a?
2, 7, 29
Let r = -40 - -50. Suppose -17 - r = -c. List the prime factors of c.
3
Let l = 21 + -19. Let o(p) = -5 + 17*p**l + 3 + 3. List the prime factors of o(1).
2, 3
Let i = -54 - -102. Suppose 0 = 2*c + i. List the prime factors of (0 + c)*(-12)/18.
2
Suppose -7*d - 18*d + 22150 = 0. List the prime factors of d.
2, 443
Let x(u) = -40*u**2 + 2*u + 4. Let q be x(-2). Let j = q + 226. What are the prime factors of j?
2, 3, 11
Suppose 16*q - 12*q - 16 = 0. Suppose q*a - 8*a = -432. List the prime factors of a.
2, 3
List the prime factors of 8/(-6 - (-36)/32 - -5).
2
Let o = -10 - -12. Suppose -4*f = 5*v - 405, -o*v = -0*v - f - 162. List the prime factors of v.
3
Let i be 17/(-51) - (-38)/6. Suppose f = i*f - 15, 3*z = 4*f + 153. What are the prime factors of z?
5, 11
Suppose 34 = 13*o - 5. Suppose m - 3 = 0, -5*q - o*m + 107 = -3*q. What are the prime factors of q?
7
Suppose 0 = l - 101 - 180. Suppose -2*m - 5*d - 132 = -383, 2*m = d + l. What are the prime factors of m?
2, 3, 23
Let y(v) = -60*v + 399. List the prime factors of y(-6).
3, 11, 23
Let b(u) = 2*u**3 - 3*u**2 - 7. Let d be b(5). Let r = d - 99. List the prime factors of r.
3, 23
Suppose 0 = 10*v - 16 - 4. Suppose -v*s + 55 + 13 = 0. What are the prime factors of s?
2, 17
Let x(y) = 236*y**2 - 51*y - 94. List the prime factors of x(-2).
2, 7, 17
Let g(c) = c + 26. Let t(w) = -w**3 - 5*w**2 - w - 3. Let x be t(-5). Suppose -x*d + 3*d - 4 = -4*l, 5*d = -5*l + 20. What are the prime factors of g(l)?
2, 13
Let z = -104 + -89. Let r = 344 + z. List the prime factors of r.
151
Let g be (-16)/24*(-15)/1. Let y(b) = b**2 - 9*b - 6. Let h be y(g). Suppose 2*p = -4*x + 30, -h*x = -7*p + 2*p + 19. List the prime factors of p.
7
Suppose 5*j = -5*q - 5, j - 9 = 4*j + 5*q. Suppose 223 = j*z + 57. What are the prime factors of z?
83
Let n(y) = -11*y**2 + 115*y - 96*y + 4 + 0*y**2 + y**3. What are the prime factors of n(9)?
13
Let u(o) = o**2 + 7*o + 5. Let v be u(-8). Let i = v + -6. What are the prime factors of i?
7
Let q = 195 - -264. What are the prime factors of q?
3, 17
Let k = 3253 + -2101. List the prime factors of k.
2, 3
Let m(f) = 60*f**2 + 18*f - 4. Let z be m(6). Suppose -496 + z = 13*l. What are the prime factors of l?
2, 17
Suppose i - 3 = 4*i, 5*x + 3*i = 4722. List the prime factors of x.
3, 5, 7
What are the prime factors of (-6)/9*((-3258)/4 + 0)?
3, 181
Suppose -4*d - 2*y = -6*d + 22, -4*y = 0. Suppose -r + d = 7. List the prime factors of 13*r - (-3 + 0).
5, 11
Suppose 0 = -16*i - 4167 + 14183. List the prime factors of i.
2, 313
Let q = 121 + -69. Suppose o - 5*o = -4*n + q, -2*o - 15 = -n. Suppose k = 1 - 2, -5*k - n = -3*m. List the prime factors of m.
2
Let v = -1525 + 2843. List the prime factors of v.
2, 659
Let x = -40 - -8. Suppose 373 = -12*t + 37. Let l = t - x. What are the prime factors of l?
2
List the prime factors of (-8676)/(-5) - (248/40 + -6).
5, 347
Let r be (-261 - (-12)/4)*-1. Suppose -7*y = -13*y + r. What are the prime factors of y?
43
Let b = 629 + 125. List the prime factors of b.
2, 13, 29
Let v(a) = a**2 + 35*a + 249. List the prime factors of v(-44).
3, 5, 43
Suppose -5*i = -4*x + 6*x - 20, -5*x - 4*i = -33. Let b = -3 + 3. Suppose b = -x*o - 0*o + 80. List the prime factors of o.
2
List the prime factors of (-406 - -8)/(5/30*-3).
2, 199
Let c be (-50)/8 + 2/8. Let x be 69/(-3) - (-3 - c). What are the prime factors of (8/(-5))/(x/65)?
2
Let j be 3 + (0 + -3 - 2). Let k = j + -6. List the prime factors of (-5)/(-20) + (-134)/k.
17
Let z be ((-15)/2)/((-3)/6). Let w = z + -17. What are the prime factors of ((-12)/9)/(w/9)?
2, 3
Suppose -3*o + 5*h = 11, -3*h = 2*o - 2*h - 10. Let g = 1 + o. Suppose -r + 105 = g*r. List the